 what is 3223 - 11310?
-2021
In base 12, what is -574 - -333?
-241
In base 13, what is -18893 + 5?
-1888b
In base 13, what is 537 - 429?
10b
In base 7, what is 41024 + -13?
41011
In base 3, what is 0 - -101211102?
101211102
In base 2, what is -1001010110 + 1011010?
-111111100
In base 4, what is -13002 - 11112?
-30120
In base 3, what is -2000 - 20000001?
-20002001
In base 12, what is -2 - 186921?
-186923
In base 4, what is -102002200 + -1?
-102002201
In base 8, what is -1 + -4145?
-4146
In base 14, what is -3bac - -32?
-3b7a
In base 3, what is 2102 - -211021012?
211100121
In base 5, what is -1 - -100110?
100104
In base 16, what is 31 + 54?
85
In base 2, what is -110111110011 + 1001?
-110111101010
In base 13, what is 6 + 6c412?
6c418
In base 12, what is -4 + -2161?
-2165
In base 15, what is 83d94 - -4?
83d98
In base 9, what is -2335 - -14?
-2321
In base 7, what is -322 - -1063?
441
In base 4, what is -132012332 + 10?
-132012322
In base 14, what is 40 + 35d?
39d
In base 14, what is -502 + 1d?
-4c3
In base 13, what is 115 - -2002?
2117
In base 4, what is 13033331 + -12?
13033313
In base 7, what is -451 - 5150?
-5631
In base 16, what is 34f1 + 10?
3501
In base 14, what is -4917 - -4?
-4913
In base 10, what is 1 - -956145?
956146
In base 10, what is -2054 - 63?
-2117
In base 3, what is 2 - 210020122?
-210020120
In base 11, what is 4 + 3a87?
3a90
In base 2, what is 11000001011001 - -111110?
11000010010111
In base 7, what is 4 - 410432?
-410425
In base 9, what is -12884 + 2?
-12882
In base 4, what is 220301 + 101?
221002
In base 5, what is -14444400 - 3?
-14444403
In base 11, what is 0 + -2a514?
-2a514
In base 12, what is 2ab - -1288?
1577
In base 10, what is 0 - 16416?
-16416
In base 4, what is -21103203 - -10?
-21103133
In base 12, what is -20 - -780?
760
In base 11, what is -85339 + -5?
-85343
In base 12, what is -17b55 + 11a?
-17a37
In base 7, what is -11610 - 2?
-11612
In base 8, what is -1055 - -43?
-1012
In base 13, what is 22b - 1c?
20c
In base 10, what is -10751 + -36?
-10787
In base 6, what is 1340 - 1300?
40
In base 3, what is -1 - -2001202001?
2001202000
In base 14, what is 103ad2 - 0?
103ad2
In base 16, what is 78 - -225e?
22d6
In base 7, what is 402 + 1530?
2232
In base 14, what is 5 - 1244?
-123d
In base 4, what is -2 + -301130301?
-301130303
In base 4, what is 10 - -3321131?
3321201
In base 14, what is -2 + -19389?
-1938b
In base 5, what is -3 - 243143?
-243201
In base 16, what is 101a - -5?
101f
In base 4, what is 3312311 + -1223?
3311022
In base 4, what is -310113102 - -32?
-310113010
In base 13, what is 1959 + -159?
1800
In base 15, what is 5 - 1445c?
-14457
In base 16, what is 13 + 29ea4?
29eb7
In base 11, what is -1135409 + 0?
-1135409
In base 13, what is 7a6a - 10?
7a5a
In base 11, what is 322 - -2a7?
619
In base 5, what is 333321222 - 3?
333321214
In base 13, what is -11 + -54a?
-55b
In base 13, what is -3a8b45 - 2?
-3a8b47
In base 9, what is -3 - -11040?
11036
In base 9, what is 1 + -84212?
-84211
In base 3, what is -20001 - 11100?
-101101
In base 11, what is 8 - -1a8?
205
In base 3, what is -11 + -101121210?
-101121221
In base 8, what is -1025007 - 0?
-1025007
In base 13, what is bc + 414?
503
In base 3, what is 2012120100 + -10?
2012120020
In base 10, what is 302 + -60?
242
In base 6, what is -4 - 1013211?
-1013215
In base 14, what is 899 - -351?
c0a
In base 8, what is 27 - 74750?
-74721
In base 9, what is -30 - 212222?
-212252
In base 9, what is -12511 + -23?
-12534
In base 16, what is -4bd + 84?
-439
In base 5, what is -113201 + 23?
-113123
In base 9, what is 2 - 388756?
-388754
In base 9, what is 3645 - 3?
3642
In base 4, what is -13122031 - 20?
-13122111
In base 5, what is -24 - -120302?
120223
In base 11, what is -5 + -10a0667?
-10a0671
In base 11, what is -3307aa - 8?
-330807
In base 4, what is -20 - 13222320?
-13223000
In base 4, what is 12321302 - 0?
12321302
In base 14, what is 25 + -29c3?
-299c
In base 3, what is 0 - 1011200020?
-1011200020
In base 3, what is -210010221 + 12?
-210010202
In base 2, what is 1111000010010000 - -101?
1111000010010101
In base 8, what is -3137 - 4502?
-7641
In base 16, what is -6193d + 9?
-61934
In base 12, what is 55b + 6a7?
1046
In base 7, what is 112 - -100532?
100644
In base 13, what is -5 - 109220?
-109225
In base 13, what is a + 29b0?
29ba
In base 3, what is 120200101 - 200?
120122201
In base 14, what is 2b2 - b94?
-8c2
In base 16, what is 2b + -100e?
-fe3
In base 7, what is 5 - 3430?
-3422
In base 7, what is -1463 + -330?
-2123
In base 11, what is -1 - 8917?
-8918
In base 16, what is 95 + -2c?
69
In base 11, what is 5 + 104370a?
1043714
In base 13, what is -1a0 - -12?
-18b
In base 16, what is -1cd32 + -5?
-1cd37
In base 7, what is -2 + 23255?
23253
In base 4, what is -1022311120 - -11?
-1022311103
In base 14, what is 44380 - -5?
44385
In base 13, what is -95 - 38?
-100
In base 3, what is 11002010 - 110?
11001200
In base 7, what is 3 - 30662?
-30656
In base 2, what is -1101100111001111 - 101?
-1101100111010100
In base 3, what is 10012120100 + -10?
10012120020
In base 15, what is 82d20 + 2?
82d22
In base 13, what is 1 + -6252?
-6251
In base 4, what is 1131 - -332?
2123
In base 16, what is -1 - -71f?
71e
In base 14, what is 1d303 + 1?
1d304
In base 11, what is -17 - -11291?
11275
In base 14, what is 431 + 12b?
55c
In base 6, what is 45342 + 4?
45350
In base 16, what is -1b + -24c?
-267
In base 10, what is 30526 + 8?
30534
In base 7, what is 0 - -1045352?
1045352
In base 9, what is 10720 + -5?
10714
In base 8, what is -5 + -4256707?
-4256714
In base 3, what is 10 + 10212101121?
10212101201
In base 2, what is 101000001 - 10011?
100101110
In base 10, what is 762 + 180?
942
In base 9, what is 41 + -1867?
-1826
In base 16, what is -f + -256?
-265
In base 16, what is 2a8 - 24?
284
In base 11, what is 3 + 65a90?
65a93
In base 3, what is -122100 - 2021112?
-2220212
In base 15, what is 3358 + -61?
32e7
In base 12, what is 2410 + a?
241a
In base 5, what is 143 - -20231?
20424
In base 4, what is -1010223110 + -2?
-1010223112
In base 7, what is -12 + 44231?
44216
In base 13, what is -20cc - 334?
-2433
In base 5, what is -111 - -110042?
104431
In base 3, what is 12121 + -12201012?
-12111121
In base 7, what is -114523 + 2?
-114521
In base 5, what is 122403 - 1443?
120410
In base 14, what is 4a80 - -25?
4aa5
In base 4, what is -320232 + -233?
-321131
In base 8, what is -330 - -256?
-52
In base 13, what is 34 - -95c1?
9625
In base 11, what is 12 + a71?
a83
In base 5, what is -141042 + 2?
-141040
In base 13, what is 1c5 - -90?
285
In base 14, what is 3 - 113c86?
-113c83
In base 11, what is 602 + -889?
-287
In base 6, what is 4514 - -431?
5345
In base 13, what is 27067 - 0?
27067
In base 10, what is -3 - -44324?
44321
In base 6, what is -2243 - -42?
-2201
In base 3, what is 2222 + -1010211?
-1000212
In base 14, what is 213 - -a2?
2b5
In base 9, what is 1143 + -62?
1071
In base 4, what is -30013223131 + 2?
-30013223123
In base 9, what is 142 - -30750?
31002
In base 11, what is -114 - -57a?
466
In base 15, what is -7be - c?
-7cb
In base 3, what is 2200 - -1200120?
1210020
In base 6, what is -15 - 34532?
-34551
In base 12, what is 2144 + -1?
2143
In base 6, what is 530344 + -1?
530343
In base 14, what is -3b3 - 19?
-3cc
In base 16, what is -3 + -9899?
-989c
In base 11, what is 2832 - 832?
2000
In base 3, what is -20200100 + -212?
-20201012
In base 14, what is 3 - -36ca?
36cd
In base 5, what is -1441120 + 14?
-1441101
In base 13, what is -bb6b + 30?
-bb3b
In base 15, what is 0 - -39a69?
39a69
In base 2, what is 10010111010 - -111011011?
11010010101
In base 9, what is -3 + -72301?
-72304
In base 6, what is 4 + 250300?
250304
In base 9, what is 1 + 1378670?
1378671
In base 4, what is 2110 - -1132?
3302
In base 7, what is 14 + 10124?
10141
In base 16, what is f52e + 0?
f52e
In base 16, what is -43ae6 - -2?
-43ae4
In base 6, what is -2 - -101053231?
101053225
In base 11, what is -7 + -17199?
-171a5
In base 13, what is 5 - 32635?
-32630
In base 8, what is -717 + -17264?
-20203
In base 4, what is -23 + -112102?
-112131
In base 12, what is 299b2b + 3?
299b32
In base 2, what is -10001111001001 + 11111?
-10001110101010
In base 6, what is -1334025 + 2?
-1334023
In base 13, what is 11 - -3595?
35a6
In base 4, wh